of (21738/(-14))/(41/(-7)*-1 + -6)?
3, 3623
Let a be (-4)/10 - (2 + 3366/(-15)). Let q = a + -196. List the prime factors of q.
2, 13
Let u = -5065 + 9462. List the prime factors of u.
4397
Let t = 60 - 56. Let j be t*2/16*-12. What are the prime factors of ((5/(-3))/(2/j))/1?
5
Suppose -5*d = 3*r - 267, 4 = r - 0. Suppose 4*n - d + 39 = 0. Suppose -2*g + u + 113 = -18, -3*g + n*u = -198. What are the prime factors of g?
5, 13
Let j = 375 + -264. Suppose 4*b = 512 - 88. Suppose -b*v - 465 = -j*v. What are the prime factors of v?
3, 31
Let a = 350 + -101. Suppose -4*f + s + 0 = 3, 3*f - 4*s = -12. Suppose 5*q + y = 275, -5*q + q + 5*y + a = f. What are the prime factors of q?
2, 7
Suppose 3*p - 15 = 2*a, 0 = -4*a + p - 3*p + 10. Suppose a = 42*i - 44*i + 674. What are the prime factors of i?
337
What are the prime factors of (-456)/304*(2 + 30148/(-6))?
2, 3767
Suppose 5*v + 4*t - 26 = 3*t, -4*v + 15 = -5*t. Let y(o) = -o**3 + 12*o**2 + 2*o + 2. Let c be y(v). Suppose 3*b = c + 269. What are the prime factors of b?
2, 19
Let b(f) = -52*f + 1. Let o be b(-4). Let n be ((-12)/(-21))/(1 - 12/14). Suppose n*c - 67 = -2*q + o, -2*c - 270 = -2*q. List the prime factors of q.
2, 17
Let n(y) = -11*y - 61. Let r be n(-6). Suppose -13*a + 2412 = r*a. What are the prime factors of a?
2, 67
Suppose -r = -3*p - 6063, -4*p - 12124 = -3*r + r. List the prime factors of r.
2, 3, 5, 101
List the prime factors of 445 - ((-8)/(40/(-45)) + -5).
3, 7
Let w(s) = 24*s + 178. Let y be w(-8). Let k(d) = 4*d**3 - 17*d - 5*d**3 - 6*d**2 - 4 - 9*d**2. List the prime factors of k(y).
2, 19
Let z(x) be the first derivative of -x**4/2 + 4*x**3/3 + 3*x**2/2 + x - 66. Suppose -2*d = 7 - 1. What are the prime factors of z(d)?
2, 41
Suppose 0 = 2*m - 3*x + 111, -4*m - 4*x + 116 - 288 = 0. What are the prime factors of 1094*(m/32)/(-2 - 1)?
547
Suppose 41*v - 6458306 = -165*v. List the prime factors of v.
107, 293
Let d(r) = -r**3 + 35*r**2 + 25. Suppose 20*x = 9*x + 385. List the prime factors of d(x).
5
Let y be (-6086)/(-8) + (-3)/4. Suppose -3*q + y = 94. List the prime factors of q.
2, 3, 37
Let h be ((-135810)/60)/((-2)/12). Suppose 35*l - h = 26*l. List the prime factors of l.
3, 503
Let p(o) be the first derivative of 26*o + 7/2*o**2 - 19. List the prime factors of p(4).
2, 3
Let j = -147 - -147. Suppose 0 = -3*h - j*h - 3*y + 1311, -4*h + y = -1728. List the prime factors of h.
433
Let m(c) = -132*c**3 - 11*c**2 - 13*c + 2. List the prime factors of m(-4).
2, 23, 181
Let p be -3 + (42/63)/(2/18). What are the prime factors of (-280)/(-56) + (2 - (-3519)/p)?
2, 5, 59
Let y(o) = -68*o - 281. Let c(n) = 143*n + 562. Let i(a) = 3*c(a) + 5*y(a). What are the prime factors of i(16)?
5, 11, 31
Let s(j) = 73*j**2 - 13*j + 370. What are the prime factors of s(11)?
2, 3, 5, 151
Let q = 178 - -81. Let b = 182 + q. Let n = b + -266. List the prime factors of n.
5, 7
Let r = -310 - -314. What are the prime factors of (-79095)/(-315) + r/(-42)?
251
Suppose -39120 = -4*p - 5*v, -8*v = 3*p - 6*v - 29333. List the prime factors of p.
5, 17, 23
Let y be ((-1)/3)/((-18)/540). Let f = 13 - y. Suppose f*n - 41 = -2*p, 2*n = 5*p + 3*n - 83. List the prime factors of p.
2
Suppose 11*g + 3*g - 197331 = 9449. List the prime factors of g.
2, 5, 7, 211
Suppose z = -5*j + 5, -5*z = -4*z. Let q be j*4/((-4)/(-3)). Suppose q*h = -2*h + 220. List the prime factors of h.
2, 11
Let y = 92 + -91. What are the prime factors of (382 - -1) + (4 - y)?
2, 193
Let i = 23 + -16. Let o = 47 - i. What are the prime factors of (-1)/(-5) - (-3552)/o?
89
Let i(z) = 47*z - 1. Let c(t) = -1 - 3 - 38*t + 41*t - 14. Let g be c(8). What are the prime factors of i(g)?
281
Suppose 659*i = 663*i - r - 9577, 2*i - 4791 = r. What are the prime factors of i?
2393
Suppose 2*p - k - 68 = 3*k, -5*k = p + 1. Let d(l) = 22*l - 1075. Let r be d(49). Suppose p = o - 3*t, 0*t = -3*t + r. What are the prime factors of o?
3
Let k be (-1 - -1) + -1*(0 - -1). Let v be (-3 - -4)/k*(-1 + -3). Suppose v*g - 84 = 636. List the prime factors of g.
2, 3, 5
Suppose -239*j + 219*j + 105800 = 0. List the prime factors of j.
2, 5, 23
Let i = -25 + 27. Suppose 2*s + 2*d + 0*d = 6, -4*s + i*d + 24 = 0. Suppose s*j - 31 - 12 = 4*a, -2*j = 3*a - 8. List the prime factors of j.
7
Let u = 15249 + 503. List the prime factors of u.
2, 11, 179
Let c be 6 + ((-696)/9)/((-2)/6). Let w = c + 52. What are the prime factors of w?
2, 5, 29
Let t = -84 + 127. Let v = t - 43. Suppose -i + 56 + 47 = a, -2*a + 2*i + 186 = v. What are the prime factors of a?
2, 7
Let l(g) = 3*g**2 - g + 72. Let b(h) = -h**2 + h - 1. Let z(v) = b(v) + l(v). List the prime factors of z(0).
71
Let n be 3 - 9/(7 - 6). List the prime factors of ((-4281)/(-15))/(n/(-30)).
1427
Suppose -12*b - u = -10*b - 6689, 10053 = 3*b - 5*u. List the prime factors of b.
2, 7, 239
Let j be 24/64*28*(2 - 0). Suppose 15*h + 4014 = j*h. List the prime factors of h.
3, 223
Let n be (-2025)/45*(-58)/(-3). Let w = n - -1822. What are the prime factors of w?
2, 7, 17
Suppose -1464 - 13 = 3*m - 4*v, v = -2. Let p = m + 1183. What are the prime factors of p?
2, 43
Suppose 505368 = 21*d - 545094. List the prime factors of d.
2, 3, 7, 397
Let u = 24652 - 8619. List the prime factors of u.
16033
Let l = 34587 + 9518. List the prime factors of l.
5, 8821
Let x be -5*6*(-2)/4. Suppose -5*o + 5 = 2*r - 2, -5*r - o + 75 = 0. Suppose r*c - 32 = x*c. List the prime factors of c.
2
Let h(y) = -3*y**2 - 10*y - 1. Let d be h(-3). Suppose 0 = -d*u + 3*p + 12, 0 = -5*p - 6 - 4. Suppose -80 = -u*f - f. List the prime factors of f.
2, 5
Let i = 32618 + -10195. List the prime factors of i.
17, 1319
Let x(a) be the first derivative of -86*a**2 + 33*a - 38. List the prime factors of x(-5).
19, 47
Let i = -95 + 61. Let m = i - -35. What are the prime factors of -213*(m + -2)/((-21)/(-7))?
71
Suppose z - 714 = -n, 3*z + 2*z + 3*n - 3570 = 0. Suppose 56*w + z = 62*w. What are the prime factors of w?
7, 17
Suppose -5*p = -2*s - 32899, 3*p + 187*s = 186*s + 19746. What are the prime factors of p?
6581
Let n be 2/8 + 73/(-4) + 4. Suppose -z + 5 = -6*z, -5*f - z = -184. Let s = f + n. What are the prime factors of s?
23
Suppose 47*r - 24619 = 46*r + 4*v, -5*r = 3*v - 123118. List the prime factors of r.
24623
Let g be (-27)/3*(2 - 3). Suppose 2*h + 3 = g. Suppose 0*v = -h*v + 264. List the prime factors of v.
2, 11
Let f = 100 - 94. Suppose -v = -3*v - 2*j - 8, -v = -j + f. What are the prime factors of (2/v)/(2/(-170))?
2, 17
Suppose 0 = -4*y - 0*y, -2*y + 4522 = 5*l - 9028. What are the prime factors of l?
2, 5, 271
Let y be -3 + (-2)/10 + (-357)/15. Let o = y + 120. What are the prime factors of o?
3, 31
Let o(m) = 29*m**2 - m. Suppose 3*a - 1 = -4*q + 7, -3*q = -3*a + 15. Let j be o(q). Let s = j - -5. What are the prime factors of s?
5, 7
Let i be (35/(-10) - -5)*1744/12. Suppose -215*h = -i*h + 141. What are the prime factors of h?
47
Let f be -2*(4 - 2)*7/4. Let s = f + 12. Suppose 4*c - 4*o = 12, s*c - 2*o - 30 = -0*o. List the prime factors of c.
2
Let m(o) = -o**3 + 20*o**2 - 6*o + 8. Let g(s) = s**2 - 3*s + 2. Let l be g(6). Let q be m(l). Let t = q + 208. What are the prime factors of t?
2, 3
Let a(l) = 5*l + 37. Let d be a(-6). Suppose 225 = d*x - 2939. Suppose 6*f - 34 = x. What are the prime factors of f?
3
Let i = 23132 + -13337. What are the prime factors of i?
3, 5, 653
Suppose -2*d = -4*l + 4, 3*l = 2*d - 0*l + 2. Let s be d - (-2 - -11 - 4). List the prime factors of 68/12 - (-2)/s.
5
Let g(t) = 23*t**3 + 2*t**2 + 24*t - 47. What are the prime factors of g(10)?
149, 157
Let c = 11173 + -5108. What are the prime factors of c?
5, 1213
Suppose -13*d - 2*c + 860 = -12*d, 0 = -5*d - 2*c + 4260. List the prime factors of d.
2, 5, 17
Let k be 2 + 3 - (6 + -7 + 52). What are the prime factors of (-51 - k) + (-1 - -26)?
2, 5
Let u(p) = 13 + 28*p**2 + 24*p**2 - 2 - 59*p + p**3 - 32. What are the prime factors of u(-53)?
3, 11
Let h(x) = -9*x**2 - x - 1. Let w be h(3). Let t = 7 - w. Let a = t - 37. List the prime factors of a.
5, 11
Suppose 2*a = 1217 + 103. Let v = 60 + a. Let d = v - 486. What are the prime factors of d?
2, 3, 13
Let k(t) = 7*t**2 - 5*t - 25. Let b be k(-6). Suppose -b = -3*r + 307. Suppose 4*g - r = 812.